h + 5. Suppose 11 = -g + 2. Let y(k) = k + 3. Let w be y(0). Let d be -1*(2 - g/w). Determine x(d).
-10
Let g(k) be the second derivative of -k**3/2 + 2*k**2 - 20*k. Suppose 2*h - 8 = -2*h - 5*j, -2*h = 5*j - 14. Give g(h).
13
Let j(x) = x**3 - 4*x**2 + 2*x. Suppose c - 3 = 2*k, -5*c = 5*k - 5 - 10. What is j(c)?
-3
Let q(n) be the first derivative of 0*n - 6 + 1/2*n**2. Determine q(-5).
-5
Let o(h) = -3 + 4*h + 2*h - 3*h**2 + 2*h**2. Let q be 2*(15/(-6) - -2). Let l be ((-6)/(-1))/q*6/(-9). Determine o(l).
5
Let z(s) = 4*s + 7. Let i(h) = 1. Let f(b) = -2*i(b) + z(b). Determine f(-3).
-7
Let m = -17 + 21. Let h(r) = -r**2 - r + m + 1 - 3. Let w = 2 - 2. Determine h(w).
2
Let o(j) = -2*j + 4. Let l(c) = -c**3 - 6*c**2 + 8*c + 10. Let x be l(-7). Suppose -2*g + 7 = x. Suppose -7*p + 25 = -g*p. Give o(p).
-6
Let u be -16 + 31 + (4 - (-2 + 11)). Let s(x) = -x + 19. Determine s(u).
9
Let w(o) = 2*o - 4. Let h(k) = 2*k - 4. Suppose z = -4*u, -22 = -4*z - u - 7. Let g be h(z). Let j be w(g). Let q(f) = f**3 - 6*f**2 + 4*f + 4. What is q(j)?
-12
Let y(r) = 37*r**3 + 2*r**2 + r - 4. Let k(z) = -38*z**3 - z**2 + 3. Let l(v) = 3*k(v) + 2*y(v). Determine l(-1).
40
Suppose 2*s = 3*h - 2*h, 4*h - s + 14 = 0. Let r(m) = 0 - 2 - 74*m + 72*m. Calculate r(h).
6
Let i(j) = 9 + 9*j - 1 + 3*j**3 - 10*j**2 + 1 - 2*j**3. Calculate i(9).
9
Let t = -6 - -8. Let l = t + 0. Let d(v) = -6*v**l + 10*v**2 + 8*v - 4 - 3*v**2. Give d(-6).
-16
Suppose -4*x + 18 = -f, -f = 4*x - 4*f - 22. Let b be 6/21 + 60/(-7)*-3. Suppose m + 3*p = 3*m + 6, -x*m - p = b. Let i(u) = u**2 + 5*u - 7. Give i(m).
-1
Suppose 3*h = 3*z - 15, z + 3*z + 5*h = 2. Suppose -2*f = -z*f - 6. Let p(d) = -2*d - 6. What is p(f)?
6
Let w(u) = -13*u**3 - 2*u**2 - 3*u - 17. Let c(s) = s**2 - 964*s**3 + 5 + 971*s**3 + 2*s + 4. Let k(v) = 11*c(v) + 6*w(v). Determine k(3).
-27
Suppose 0*n + 16 = -4*n. Let i(k) = -k**2 - 3*k - 4. Let r(l) = -l**2 - 2*l - 4. Let b(a) = n*i(a) + 3*r(a). Calculate b(-6).
4
Let o(h) = -10*h. Let y be o(-1). Let x(c) = -y*c**2 + 21*c**2 - 10*c**2 - 1 + 0*c - 2*c. Calculate x(-1).
2
Suppose -14*v + 26 = -5*v + 17*v. Let l(b) = 29*b**3 + 7*b**2 + 7*b + 4. Let m(h) = 19*h**3 + 5*h**2 + 5*h + 3. Let s(g) = -5*l(g) + 7*m(g). Determine s(v).
-11
Let l be 2/(-6)*(-201)/67. Let r(n) = -17*n**2 + 4*n - 3. Calculate r(l).
-16
Let s(z) = -16*z**2 + 13*z + 1. Let k(i) = 47*i**2 - 36*i - 3. Let d(v) = -4*k(v) - 11*s(v). Calculate d(-1).
-12
Let j be 8/(-3)*(-5 - -8). Let w(g) = g**3 + 9*g**2 + 7*g. Calculate w(j).
8
Let z(s) = -5*s - 4. Let c be (0 + -1)/((-1)/(-3)). What is z(c)?
11
Let i(r) = r**3 - 10*r**2 + 13*r + 24. Let j be i(8). Let l(o) be the first derivative of j*o**2 + 7 - 1/4*o**4 - 5/3*o**3 - 3*o. Determine l(-5).
-3
Suppose -c + 2*w - 1 = 3, -4*c - 10 = -2*w. Let n(h) = 11*h + 3. Give n(c).
-19
Let q = 143 - 85. Let y = 61 - q. Let k(l) = l**2 - l. Determine k(y).
6
Let r(t) = -9*t**3 + 15*t**2 + 11*t + 10. Let d(a) = -2*a**3 + 2*a**2 + a + 1. Let q(n) = 5*d(n) - r(n). What is q(-3)?
-5
Let z(n) be the second derivative of n**4/6 - n**3/6 - 7*n**2/2 - 10*n + 9. What is z(0)?
-7
Let z(w) = 3*w**2 - 1. Let t(d) = -2*d - 32. Let u be t(-25). Suppose 2 = 2*m - 2. Suppose -4*h = m*q + 12, -4*q = -h + 3*h + u. Calculate z(h).
2
Let k(c) = 4*c - 1. Let o = 6 - -16. Suppose -q + 0*p + 18 = 4*p, 0 = 5*q + 3*p - o. Give k(q).
7
Let r = 68 + -65. Let z(b) = -37*b**r + 2*b + 19*b**3 - 5 + 4. Determine z(1).
-17
Suppose 0*m + 5*m + 3*c = -26, -6 = -2*c. Let a(t) be the second derivative of t**4/12 + t**3 + t**2 + 193*t. Determine a(m).
9
Let m(z) = -9*z - 1. Let k(h) = -h**3 - 17*h**2 - 17*h - 14. Let d be k(-16). Give m(d).
-19
Let r be -5*((-1 - -5) + -5). Let t(u) = u + 1. Determine t(r).
6
Let v(b) = 5*b**2 - 3*b + 1. Let o be -5 + 10/4 - 3/2. Let a be 1 + o*3/(-12). Determine v(a).
15
Suppose -947 + 898 = 7*o. Let j(w) = w**2 + 10*w. Calculate j(o).
-21
Let m(x) = 4 - 31*x**3 - 33*x**3 + 7*x - 31*x**3 - 5*x**2 + 94*x**3. Give m(-6).
-2
Suppose -a + 4 = -2*a. Let m be (-1)/(2*2/a). Let y(q) = -1 + 1 - m + q**3 - 2*q + 2*q**2 + 0*q. Determine y(-3).
-4
Let g(v) = -20*v**3 - v**2 + 1. Let o(z) = -20*z**3 - z**2 + 1. Let i(k) = 6*g(k) - 7*o(k). Let x = 1464 - 1463. Calculate i(x).
20
Let k(l) = -l**2 + 4*l + 2. Let v be 3*(-13)/((-39)/4). What is k(v)?
2
Suppose -4*u = 3*t + 2*t - 350, 0 = 3*t + 3*u - 210. Suppose 17*s + 2 = t. Let j(m) = -m**3 + 3*m**2 + 4*m - 6. What is j(s)?
-6
Let k(d) = -d**3 - 14. Let v be -5*-141*2/15. Suppose v*c - 93*c = 0. Give k(c).
-14
Let p(j) = -j**3 - 3*j**3 + 3*j**3 - 2*j**2 + 0*j**3. Let s = -53 - -51. Give p(s).
0
Let b(y) = 13*y**3 - y**2. Let u = 105 + -102. Let v be 27/(-18) - (-1 + u/6). Give b(v).
-14
Let r(o) = -2*o**2 - 5*o + 22. Let z be r(-5). Let m(p) = -7*p + 2. Give m(z).
23
Let x(j) = -j**2 - 8*j - 9. Suppose -s - 9 + 12 = 0. Suppose 0 = r - 0*r - s. Suppose r*g - 18 = 6*g. Give x(g).
3
Let k(t) = -t - 6 - 2*t - 3. What is k(-5)?
6
Let j(a) = -a**2 - 7*a - 2. Let m be j(-7). Let t(x) be the third derivative of -x**6/120 - x**5/15 - x**4/24 + x**3/6 - 3*x**2 - 37. Calculate t(m).
-5
Suppose 34 = 4*b + 5*r, -3*b + 7*r - 4*r + 12 = 0. Let t(l) = 7*l**2 - 3 + 3*l**2 - 3*l**2 - 2*l - b*l**2. Determine t(5).
12
Let j(a) = 4*a + 2. Suppose -2*u = -4*x - 17 - 17, -5*u = -3*x - 43. Let q(w) = -w**2 - 8*w - 10. Let d be q(x). Determine j(d).
10
Let r(i) = 4*i - 4*i + 4 - i - 13 + 1. Determine r(-7).
-1
Let l be 3/((-43)/(-8) + -7 + 2). Let w(i) = i**3 - 9*i**2 + 8*i + 10. What is w(l)?
10
Let j(y) = y + 1. Suppose 1 = 2*a - 1. Let h = a + -1. Suppose h*v + 4*k - 22 = v, 3*v - 9 = -3*k. What is j(v)?
-1
Let o(k) = k**2 + 3*k + 1. Let r(h) = h - 13. Let m be r(15). Suppose 3*z - m = 1. Let n be 6/3*z*-2. Give o(n).
5
Let q(f) = -17*f - 3. Let t = 20 + -22. Calculate q(t).
31
Let r(s) = -17*s**2 - 71*s + 3. Let m(j) = 14*j**2 + 72*j - 2. Let a(h) = -4*m(h) - 3*r(h). What is a(-15)?
-1
Let w(c) = 9*c**3 + 6*c**2 + 3*c + 4. Let p(q) = -4*q**3 - 3*q**2 - q - 2. Let h(v) = 7*p(v) + 3*w(v). Give h(-4).
6
Let z be (20/(-50))/((-1)/5). Let u(f) = -2 - 2*f**2 + 4*f**z + 2*f**2. Suppose 3*k - 9 = 0, -x + 3*k - 17 = -2*k. What is u(x)?
14
Let d(w) = -w + 4. Let r = -75 - -84. Calculate d(r).
-5
Let c(f) = -1795 - 2*f**2 - f - 3*f + 5*f + 3*f**2 + 1786. Determine c(-3).
-3
Let d(q) = q - 1. Let t(y) = -y**2 + 9*y + 14. Let i be t(11). Let w be ((-1)/3)/(i/(-120)). Give d(w).
-6
Let s(v) = 1 - 26 - v**2 + 34. Determine s(0).
9
Let r(i) = 5 - 6 - 2*i + 0 - 2*i**2. Let u be r(0). Let o(n) = n**2. Let x(h) = -h**3 + 11*h**2 - 6*h - 8. Let c(b) = u*x(b) + 4*o(b). Give c(6).
8
Let l be 32/(-80)*(-1)/(-2)*5. Let s(d) = 28*d**3 - d**2 + d + 1. Give s(l).
-29
Let k(d) = 27*d**2 - 5*d - 39. Let w(t) = 5*t**2 - t - 8. Let x(j) = 2*k(j) - 11*w(j). Calculate x(-3).
-2
Let t(b) = 2*b - 3*b + 0*b + 4. Suppose 2*n + 35 = 7*n. Determine t(n).
-3
Let u(p) be the third derivative of -p**7/840 + p**6/90 + p**5/40 - p**4/4 + 7*p**3/3 - 46*p**2. Let j(o) be the first derivative of u(o). Give j(4).
6
Let y(r) = 4*r + 3. Let f(t) = t**2 - 14*t - 17. Let l = 33 - 18. Let o be f(l). Give y(o).
-5
Let p be 1 - -11 - -1 - -1. Suppose -72 = -104*j + 110*j. Let v = j + p. Let a(u) = 4*u**2 - 3*u. Determine a(v).
10
Let v = 13 - 10. Suppose -d = 3*i - v*d - 8, 2*i - 10 = -d. Let u(a) = -a + 9. Let f be u(i). Let m(j) = -2*j + 6. What is m(f)?
-4
Let y(t) be the first derivative of t**2/2 + 2*t + 1. Let k(u) = u + 3. Let x(i) = -2*k(i) + 3*y(i). Let z = 19 + -13. Calculate x(z).
6
Let y(f) = 2*f - 4. Let o(p) = 2*p + 3*p - 2*p - 1 - 5. Let t(q) = -5*o(q) + 6*y(q). Calculate t(7).
-15
Let b(z) = z + 2. Suppose 0*l - 2 = -n - 2*l, -4*l = 4. Suppose 0*s = n*s - 108. Let q = 25 - s. Give b(q).
0
Let z(d) = -7 + 4*d**2 - d**3 - 5*d - 25*d**2 + 28*d**2. Calculate z(5).
18
Let z = -3 - -6. Let r(c) = -5*c**2 - 8*c - 34. Let y(w) = -2*w**2 - 4*w - 17. Let i(k) = 3*r(k) - 7*y(k). Let b(x) be the first derivative of i(x). Give b(z).
-2
Let b(y) = y + 9 + 4 + 3 + 2 - 2. Give b(-4).
12
Let x(w) = -w**2 + 1. Let q(d) = -d + 2*d**2 + 0*d + 0*d - 6*d**2 + 6. Let k(u) = -q(u) + 5*x(u). Suppose 18 = -3*f - 3*f. Calculate k(f).
-13
Let g(m) = -m**3 - 9*m**2 + 12. Let k = 212 - 221. Determine g(k).
12
Let s(y) = 32*y